 of d**4/12 + d**3/3 - 3*d**2/2 + 10*d. Determine x(q).
5
Let c(p) = 6*p + 8. Let g(d) = 24*d + 33. Let q(t) = -9*c(t) + 2*g(t). Give q(-4).
18
Let r(g) be the first derivative of 3*g**2 - g - 4. Let p be 1 + 1 - (-1)/1. Let y be 10/6 - 2/p. Give r(y).
5
Let p(b) = -b**2 + 3*b - 1. Let a be (7 - 1)*(-18)/(-27). What is p(a)?
-5
Let h(s) = -1 + 0*s**3 + 3*s**2 + 3*s - s**2 - s**3. Suppose -3*c - 12 = -2*c. Let b be ((-4)/6)/(c/54). What is h(b)?
-1
Let u(h) = 1. Let q(f) = f**2 - 7*f + 2. Let w be -2 - (-3 - -2) - -2. Let j(y) = w*q(y) + 4*u(y). Determine j(6).
0
Let f(p) = -p**2 + 2*p. Let z(g) = g**3 + 10*g**2 - 12*g - 8. Let d be z(-11). What is f(d)?
-3
Let b(w) = w**2 - w + 2. Let v be b(5). Let r(c) = v + 13*c - 21 - 2*c. Suppose -2 - 3 = -5*l. Give r(l).
12
Let d(q) = -q**3 + 5*q**2 + 4*q + 3. Let c(g) = g**3 - 13*g**2 + 25*g - 27. Let n be c(11). Give d(n).
-9
Let g(l) = -l**2 - 4*l. Let y be g(-3). Let d(j) = -y + 6 - 3*j - j - 1. Give d(2).
-6
Suppose -4*v - l = -16 - 4, 0 = -2*l. Let m(d) be the first derivative of -d**4/4 + 5*d**3/3 + 3*d + 6. Calculate m(v).
3
Let i(u) = -u**2 + 5*u. Let v(f) = 0 - 4*f - 9 + 7*f + 7. Suppose 9 = -3*x - 5*s, 4*s + s + 17 = x. Let o be v(x). What is i(o)?
4
Let t(g) = g**3 + 6*g**2 + g + 7. Let h = -4 + 1. Let k(q) = 3*q + 3. Let x be k(h). Calculate t(x).
1
Suppose -4*h + 7 + 5 = 0. Let q be (2/5)/(2/10). Let z(p) = -14 + q*p + 14. Determine z(h).
6
Let u(w) = 1. Let t(l) = l - 4. Let c(i) = -3*t(i) - 6*u(i). Calculate c(4).
-6
Let n(x) = x**3 - 2*x**2 - 5*x + 4. Let i(d) = -3*d - 3. Let y be i(-5). Let m = 15 - y. Determine n(m).
-2
Suppose -1 = -j + 2*f, 1 = 4*f - 3. Suppose -3*p = 3 + j, i - 15 = 5*p. Let m(o) = o**3 - 4*o**2 - 4*o + 5. What is m(i)?
10
Suppose -5*w - 3*i - 15 = -2*w, -i + 10 = -2*w. Let y(m) be the second derivative of m**5/20 + 5*m**4/12 + m**3/3 + m**2 - 3*m. Give y(w).
-8
Let p(j) = j. Let m(n) = -10*n - 2. Let v(q) = -m(q) - 4*p(q). Give v(-2).
-10
Suppose -5*t - 13 = 4*g - 0*t, -5*t - 20 = 5*g. Let x(m) = m**3 + 8*m**2 + 9*m + 3. What is x(g)?
-11
Let r(d) = -3*d - 1. Let y be 0 - -17 - (-3 - -3). Let h = 15 - y. Determine r(h).
5
Let a(u) = -3*u - 17. Let b be a(-6). Let m(i) = 3*i - 2. Let f be m(b). Let n(j) be the second derivative of -5*j**4/12 + j**3/3 - j**2/2 - j. Determine n(f).
-4
Let j(k) = k**2 - 4*k + 3. Let o be j(2). Let f(i) = -11*i - 3 + 14*i + 0 + 2. Determine f(o).
-4
Let n(y) = y**3 + 7*y**2 + 6*y + 1. Let f be n(-6). Let k(m) = 6 - 15*m - 1 - 4 + 5*m. Determine k(f).
-9
Let g be (-4 + 2/2)*-1. Let t(s) = -3 - s + g - s**2 - 6*s**2. Determine t(-1).
-6
Let r(v) = -5*v**2 + 5*v + 2. Let j(c) = 9*c**2 - 10*c - 3. Let m(g) = -4*j(g) - 7*r(g). What is m(6)?
-8
Let c(j) = 4 - 6*j + 3*j - j**2 + 2*j**2 - 2*j. Let g be c(5). Let o(n) = -3 - 3*n**2 - 3 + 3*n + 2*n**2. Determine o(g).
-10
Let v be ((-3)/(-2))/(1/2). Let c(k) = 2*k**2 - 4*k**2 - 2 + 10 - k**v + k**2. Give c(0).
8
Let c(a) = -10*a**3 + 18*a**2 + 4*a + 24. Let v(t) = -3*t**3 + 6*t**2 + t + 8. Let f(x) = -2*c(x) + 7*v(x). Let p be f(6). Let o(j) = -4*j. Give o(p).
-8
Let s(r) = r**2 + 6*r. Suppose 3 = -3*d, 0*h - 3*h = -3*d - 9. Suppose -4*j + h*j = 10. Determine s(j).
-5
Suppose -27 = -5*j + 2*u, j + 0*j - 27 = -5*u. Let b(a) = a**3 - 8*a**2 + 9*a - 1. Give b(j).
13
Let v(c) = c**3 + 14*c**2 - 2*c - 29. Let l be v(-14). Let t(i) = -3*i**2 - 1. What is t(l)?
-4
Let o(j) = j**2 - 4*j + 3. Let v(i) = i**2 + 9*i + 12. Let b be v(-8). Suppose 0 = -0*d + d - b. Give o(d).
3
Let i(o) = -o**3 - o**2 - o - 2. Let h be i(0). Let j be (-2)/5 + h/(-5). Let s = 0 + j. Let w(u) = -u - 8. Determine w(s).
-8
Let s(m) = 18*m + 1. Let r(a) = a**2 + 9*a - 11. Let n be r(-10). What is s(n)?
-17
Suppose -4*m + 5*k + 7 = 0, m - 7 = -2*m + 2*k. Let t(a) = 6*a - 2 - 4*a + m + 2. Give t(-3).
-3
Let j(v) = v + 2. Let a(l) = -l**3 + 7*l**2 + 4*l - 8. Let k be a(7). Suppose 2*u + 2*u = -k. Determine j(u).
-3
Suppose 0 = -14*n + 8*n - 24. Let i(p) = -p**2 - 8*p - 2. Determine i(n).
14
Let i(s) = s**2 + 7*s - 6. Let y = 102 - 107. What is i(y)?
-16
Let q(s) = -2*s + 2. Let u(z) = -4 + 1 + 1 + 2*z**2 - z**3 + 2*z**2. Let g be u(3). Suppose -2*o = -g*o + 10. What is q(o)?
-2
Let z(o) be the third derivative of -o**5/60 - o**4/24 - 6*o**2. Give z(-3).
-6
Let d(m) = -m**2 + 9*m + 6. Suppose -p - k - 30 = -6*p, -5*p + 40 = k. Determine d(p).
20
Let a(z) = 2*z - 3*z + 0 - 1 + z**2. Let b(h) = -2*h + 4. Let d be b(1). Calculate a(d).
1
Let r(m) = 6*m**3 + 2*m - 1. Let y be r(1). Let l(i) = -i - 4 - 2 + y - i**2 + 7*i. Give l(6).
1
Let n(v) = -v**2 - 8*v - 6. Suppose -k + 1 = 0, 0*k + k = 4*t - 7. Let s be t - (-15 + 3)/(-2). Calculate n(s).
10
Let w(t) = 2*t - 5*t**2 + 0 + 2 + 4*t**2 + 3*t. Determine w(4).
6
Let k(c) = -5*c - 2. Let o(z) be the second derivative of z**3 + z**2/2 + z. Let l(i) = 3*k(i) + 2*o(i). Calculate l(4).
-16
Let v(a) be the third derivative of a**4/12 - 26*a**2. Calculate v(-3).
-6
Let i(u) = -3*u + 4. Let a(f) = 3*f - 5. Let h(n) = 2*a(n) + 3*i(n). Give h(5).
-13
Let d be (-2)/7 + 10/(-14). Let u(k) = -1 + k + 3 + k**2 - 5*k + 0*k. Let z(p) = -p**2 + p - 1. Let m(h) = d*z(h) + u(h). Determine m(3).
6
Suppose -10 - 20 = -6*v. Let f(d) = -d**3 + 5*d**2 + 2*d - 4. What is f(v)?
6
Suppose 2*b - 10 = -2. Let k(l) be the third derivative of 0 + 0*l + 1/10*l**5 + 1/2*l**3 + 1/4*l**b + 1/120*l**6 - l**2. What is k(-5)?
-2
Suppose -c - 5 = -6. Let q(o) = -3*o + 1. Determine q(c).
-2
Let w(a) = -a**3 + a**2 + 5. Let l(k) = 3 + 3*k + k - k - 2*k. Let o be l(-3). What is w(o)?
5
Suppose 0*f - 4*f = -5*z + 13, 0 = 3*f + 6. Let y be 1 - 1/2*-2. Let j(d) = -1 + 3*d**3 + 4*d**3 + 2 - d + d**y - d**3. Give j(z).
7
Suppose -85*a = -83*a + 4. Let j(l) = 3*l**3 + 3*l**2 + 3*l + 3. Calculate j(a).
-15
Let o(q) = q**2 + 1. Let i be 1/3 + (-8)/(-12). Let m(y) = -y**3 - 9*y**2 - 4*y - 6. Let d(t) = i*m(t) + 3*o(t). Suppose -2*g - 7 - 3 = 0. Determine d(g).
-8
Suppose 5*l + 3*a - 8 = a, 0 = 3*a - 12. Let h(j) be the second derivative of 2*j + 0*j**3 + 0 - 2*j**2 - 1/12*j**4. Determine h(l).
-4
Let s = 6 + -7. Let t(p) = -3*p**2 - 2*p - 1. What is t(s)?
-2
Let v(y) = y**3 + 3*y**2 - 11*y - 8. Let h be v(-5). Let c(t) = -t**3 - 4*t**2 - 2*t + 4. Give c(h).
1
Let a(w) = -6*w**2 + 2*w - 1. Suppose 12 = -0*z - 4*z. Let d be 4*2/2 + z. Determine a(d).
-5
Suppose 2 = -0*r + r. Suppose -r*s + 27 = -5*d - 24, -12 = d - s. Let g be (-2)/d - (-29)/(-9). Let a(m) = -m**2 - m + 2. What is a(g)?
-4
Let d(w) = w. Let c be (-14 + (-9)/(-3))/1. Let x be (-24)/c + 2/(-11). What is d(x)?
2
Let q(f) be the third derivative of 0 - 1/60*f**5 + 1/8*f**4 - 1/120*f**6 - f**2 + 1/6*f**3 + 0*f. Calculate q(-2).
-1
Let t(u) be the second derivative of -u**4/6 - u**3/6 - 8*u. Determine t(2).
-10
Let u(h) = h. Suppose 0 = 3*n - 3, -3*i + n + 2*n = -9. What is u(i)?
4
Suppose l = -z + 3*l - 2, -2 = -3*z + 2*l. Let c(a) = -4 - a + a**3 + 3*a**z - a**2 - 3*a**2. Let q be (0/(-2))/(2/2). Determine c(q).
-4
Let n be (-28)/(-21)*6/(-4). Let i be 6 + 1 + n + -2. Let y(u) = -i + 4*u + 9 - 4*u + u. Calculate y(-5).
1
Suppose -3*u - 14 = -4*x, 2*u + x + 24 = -0*x. Let w = u + 13. Let v(h) = -h**3 + h**2 + 4*h + 1. What is v(w)?
-5
Suppose -6 = -3*c - 0*c. Let m(h) = 3*h + 3*h**c - 4*h**2 + 4 - 5 + 5. Let r(a) = -a**2 + 5*a + 5. Let y be r(5). Determine m(y).
-6
Let y = -3 - -8. Suppose y*c + 42 = -4*w, 6*c - w = 4*c - 9. Let u be 1/3 + 26/c. Let p(n) = -n**3 - 4*n**2 - 1. Calculate p(u).
-1
Let i(x) = x - 7. Suppose -8 = -2*p, -p - 4 = 5*s - 58. Suppose 10*n = 5*n - 5*b + s, -4*b + 8 = -5*n. What is i(n)?
-7
Let z(v) = 27*v**3 + 22*v**3 + 5*v**2 - 48*v**3 + 2 - 3*v. Give z(-6).
-16
Let v(l) = l**3 - 5*l**2 + l - 5. Let d be (-1 - 3) + (5 - -4). Calculate v(d).
0
Let q(y) = 7*y + 9. Let s(w) = -w**2 + 35*w + 46. Let k(o) = -11*q(o) + 2*s(o). Determine k(-5).
-22
Let u(j) be the second derivative of j**5/20 + 5*j**4/12 + 3*j**2/2 - 3*j. What is u(-5)?
3
Let v(s) = s**3 + 3*s**2 + 2*s. Let y be v(-3). Let f(d) = -2*d - 4. Let a be f(y). Suppose -a*b = -5*b. Let n(h) = h**3 - h + 4. What is n(b)?
4
Let s(a) = 7*a**3 - 3*a**2 + 5*a - 2. Let g(c) = -6*c**3 + 3*c**2 - 4*c + 2. Let r(m) = 6*g(m) + 5*s(m). Let u = -9 + 14. Suppose -u*i + 6 = -9. Determine r(i).
5
Let b(u) = 18*u*